d 56?
28
Let q = -6 + 11. Suppose -68 = 2*p - 6*p. Let b = p - q. What is the greatest common factor of 3 and b?
3
Let b(i) be the third derivative of i**4/12 - i**3/6 - 4*i**2. Let j be b(6). Let l = j - 0. Calculate the highest common factor of 110 and l.
11
Suppose -q = 5*c - 22, 4*q = 3*c - 0 - 27. Suppose c*o - 52 = -12. What is the greatest common divisor of o and 56?
8
Suppose -6*c = -3*c - 450. What is the highest common divisor of c and 30?
30
Suppose 3*j = -0*k - 2*k - 4, -2 = k. Suppose l - 9 = -j*l. Let r = 143 - 44. Calculate the highest common divisor of r and l.
9
Let i be (-1 + 0 + 2)*42. Let y(n) = n**3 + 8*n**2 - n + 7. Let u be y(-7). Calculate the greatest common factor of i and u.
21
Suppose x + 0 = 22. Let f be x/(-6)*(-3 - 33). Calculate the greatest common divisor of 12 and f.
12
Let f = 152 + -47. Let g(o) = -2*o**3 + o**2 + 3*o + 1. Suppose -2*w - 4 = -0*w. Let q be g(w). Calculate the highest common divisor of f and q.
15
Let p(j) = -12*j. Let n(o) = -o**2 + 3*o - 4. Let g be n(4). Let y be p(g). What is the greatest common factor of y and 12?
12
Suppose 2*k = -4*a + 14, 10*k = 3*a + 5*k - 4. Let m be (-4)/a*(-3)/(-2). Let j be 3*(0 + m - -12). What is the highest common divisor of 45 and j?
15
Let c = -1 - -4. Suppose 10 = -5*m + 5*w, -4*m + 9*m = -c*w - 18. Let p be m + (-51)/(-2 - 1). What is the greatest common factor of 56 and p?
14
Let s = 6 + -2. Suppose b - s*y + 43 = -0*b, 0 = -4*b - 2*y - 172. Let j = b + 106. What is the highest common divisor of 9 and j?
9
Suppose 0 = 3*a + 2*n - 13, -4*n = -3*a + 1 - 0. What is the greatest common factor of a and 24?
3
Suppose -4*o + 61 = 2*c - 155, -4*o = 8. What is the greatest common factor of 28 and c?
28
Let h = -12 - -28. Suppose -h = -5*d - 1. What is the highest common factor of 24 and d?
3
Suppose v + 36 = 5*o, 3*v - 5*o = -v - 174. Let q = 82 + v. Calculate the greatest common factor of q and 9.
9
Suppose i - 3*i + 4 = 0. What is the greatest common divisor of i and 1?
1
Let j be (6 + -3)/((-6)/(-8)). Suppose -k = j - 26. Calculate the greatest common divisor of k and 220.
22
Suppose 7 + 9 = k. Let g(z) = z**3 + 5*z**2 + 2*z - 2. Let x be g(-3). Let u = 14 - x. What is the greatest common factor of k and u?
4
Let j(g) = -17*g - 1. Let p be j(-1). What is the highest common factor of p and 48?
16
Suppose n = -g + 5*g + 9, 5*n - 29 = 4*g. Let x = -2 + n. Calculate the greatest common factor of x and 15.
3
Let d(l) = -l**3 - 11*l**2 - 11*l - 8. Let p be d(-10). Suppose -4 = 5*t - 3*t, 5*m - p*t = 304. Calculate the highest common divisor of m and 24.
12
Let k = -77 + 86. What is the highest common divisor of k and 3?
3
Suppose 0*g + 47 = 2*g + x, -3*g + x = -73. Calculate the greatest common factor of 8 and g.
8
Suppose 0 = -2*f - 70 - 98. Let l be 5/((-10)/(-4)) - f. Let h be l/7 + (-2)/7. What is the greatest common divisor of 108 and h?
12
Let a(h) = 6*h + 5. Let b be a(12). Suppose 0 = 3*f - 6*f. Let p = 7 + f. Calculate the greatest common factor of b and p.
7
Suppose 2*k + 47 = w, 4*w + 5*k - 25 = 111. Suppose 0 = 5*r - w + 9. Let x = r + -1. What is the greatest common divisor of x and 35?
5
Let d be (-20)/(-3)*30/4. Let m = 10 + 10. Calculate the highest common factor of d and m.
10
Let v(f) be the third derivative of -f**6/120 - f**5/60 + 10*f**3/3 + f**2. Let x = -9 - -9. Let b be v(x). Calculate the highest common divisor of b and 4.
4
Let u(c) = 3*c - 21. Let x be u(9). Calculate the highest common factor of 48 and x.
6
Let w(d) = -d**2 - 5*d + 1. Let p be w(-5). Let f(o) = 6*o + 1. Let j be f(-3). Let b = 28 + j. What is the greatest common factor of b and p?
1
Suppose -23 = -3*i + 4*s, -13 = -2*i + 4*s + 9. What is the greatest common divisor of i and 1?
1
Let n(p) = -3*p - 9*p + 2 + 2*p**2 + 0*p. Let h be n(8). Calculate the greatest common factor of h and 17.
17
Let z(r) be the third derivative of -r**6/60 - r**5/15 - 2*r**3/3 + 3*r**2. Let g be z(-3). What is the greatest common divisor of g and 112?
14
Let h be 4/(-18) + (-6)/81*-1191. Calculate the greatest common factor of 11 and h.
11
Suppose 3*y + 2*n - 98 = 4*n, 2*n = -2. What is the highest common divisor of y and 352?
32
Let a = -23 - -3. Let c be (0 + 1)/((-1)/a). Let z = -10 + c. Calculate the greatest common divisor of 4 and z.
2
Suppose 5*c = 19 + 1. Suppose -5*l + 2*i + 3 + 3 = 0, c*l + 2*i - 12 = 0. Suppose 22 = l*j - 0*j. Calculate the greatest common divisor of 88 and j.
11
Let r be -6*(-3)/(-12)*-2. Suppose 0 = r*k - 6, -d = -0*d + 3*k - 38. What is the highest common factor of 48 and d?
16
Let s(r) = -3*r + 25. Let c be s(8). What is the greatest common factor of c and 6?
1
Let z(p) = -10*p**3 - p**2 + p - 2. Let d be z(-2). Suppose -51 = -9*c + 21. What is the highest common factor of d and c?
8
Let k(w) = w**3 + 27*w**2 - 2*w + 2. Let a be k(-27). Calculate the highest common factor of a and 8.
8
Let s be 6*2/4 + -1. Let f be 1/s - 78/(-4). Calculate the highest common divisor of f and 8.
4
Suppose 34 = 3*o + 5*v, 2 + 8 = -5*o + 5*v. Let h(n) = 6*n**2 + 4. Let g be h(o). What is the highest common divisor of g and 29?
29
Let h(n) = -3*n + 99. Let k be h(0). Calculate the greatest common factor of k and 9.
9
Let q be 20 + -13 - (-1)/(-1). What is the highest common factor of 3 and q?
3
Suppose 564 = 2*w - 506. Suppose -5 = 5*a, -4*g + a = 30 - w. Suppose 2 = 3*s - 5*x - 25, -5*s = 3*x - 79. Calculate the highest common divisor of g and s.
14
Suppose 0 = 2*d - 134 - 308. What is the highest common divisor of d and 17?
17
Let y be 0 + 3/3 + 1. What is the greatest common divisor of y and 8?
2
Let b(h) = -20. Let k(c) = c + 1. Let j(n) = -b(n) - k(n). Let a be j(9). What is the greatest common divisor of 2 and a?
2
Suppose 3*r = 3 + 3. Let m be r/(-6) + 7/3. Suppose 12*k = k + 44. Calculate the greatest common divisor of k and m.
2
Suppose -4 = -2*u, 8*s - 780 = 3*s - 5*u. Let q be (1*2)/(1/7). Calculate the highest common factor of s and q.
14
Let b(a) = a**2 - a. Let k be b(2). Suppose 2*s = -3*t + 53, k*t - t + 4*s - 21 = 0. Let l = 26 - t. What is the greatest common divisor of 72 and l?
9
Let n = 117 + -27. Calculate the greatest common factor of n and 10.
10
Suppose -4*o = 4*i - 260, -i + 74 = -o - o. Suppose -4*a - 14 = -2. Let l be ((-2)/(-6))/(a/(-153)). What is the greatest common divisor of l and i?
17
Suppose 2*z - 24 = -4*z. What is the greatest common factor of z and 16?
4
Suppose 2*x - 74 = -0*x. Let k = -6 + x. Suppose -3*a + k = s, a = 3*a - 2*s - 34. What is the highest common divisor of 3 and a?
3
Let y = -20 - -29. Suppose -2*d + 59 + y = 0. Let l(r) = 2*r**2 - 6*r + 5. Let b be l(8). What is the highest common divisor of b and d?
17
Suppose -b = -3*h + 8 + 19, -h - 2*b + 2 = 0. Calculate the greatest common divisor of h and 8.
8
Let z be 6/((-2)/1) - -23. Suppose 4*v = 8*v - 40. Calculate the highest common factor of v and z.
10
Let z(p) = 2*p**2 + 6*p + 2. Let j(x) = 2*x + 1. Let b be j(-3). Let f be z(b). Let t = 60 + 28. What is the greatest common factor of f and t?
22
Let c = -11 - -26. Let f(u) = -u**3 + 4*u**2 - 1. Let o be f(4). Let a be -1 + o - -1 - -46. Calculate the highest common divisor of c and a.
15
Let i be (-12)/54 + 290/9. What is the greatest common divisor of 2 and i?
2
Suppose 0 = -3*a + 19 + 8. Let f be ((-2)/3 + 1)*a. Let s be f/(-2)*(-6)/9. Calculate the greatest common factor of s and 10.
1
Let g(y) = y**3 - 9*y**2 + 5*y + 10. Let l(o) = -3*o - 11. Let j be l(-7). Let f be g(j). Calculate the greatest common factor of 20 and f.
20
Let c(v) = v**3 - 3*v**2 - 8*v - 4. Let m be c(6). Suppose 0 = 5*n - 464 - m. What is the highest common factor of 13 and n?
13
Suppose 5*g - 87 = -4*c, -2*g + c + 27 = -0*c. What is the greatest common divisor of 165 and g?
15
Let h be 2/((-40)/22 + 2). Let c be 3/(-9)*3*-3. Let q(a) = a**2 + a - 1. Let k be q(c). What is the highest common divisor of h and k?
11
Let h be (18/21)/((-9)/(-168)). Calculate the greatest common factor of 144 and h.
16
Let b be (-884)/(-16) + 4/(-12 - 4). Calculate the greatest common factor of 22 and b.
11
Let q(c) = c + 50. Let v be q(0). What is the highest common divisor of 10 and v?
10
Suppose 52 = 4*b - 20. Let c(w) = -w**2 - 5*w - 6. Let s(m) = m - 1. Let f(n) = c(n) 